 the tens digit of 2249194?
9
What is the units digit of 97192?
2
What is the hundred thousands digit of 988183?
9
What is the hundred thousands digit of 14750570?
7
What is the units digit of 14268354?
4
What is the thousands digit of 694355?
4
What is the units digit of 625?
5
What is the thousands digit of 3667311?
7
What is the thousands digit of 1162819?
2
What is the millions digit of 2763929?
2
What is the thousands digit of 41623?
1
What is the units digit of 33850?
0
What is the ten thousands digit of 125836?
2
What is the units digit of 1163769?
9
What is the thousands digit of 284264?
4
What is the ten thousands digit of 5516316?
1
What is the hundred thousands digit of 1101705?
1
What is the hundreds digit of 829416?
4
What is the thousands digit of 667747?
7
What is the hundred thousands digit of 227528?
2
What is the thousands digit of 17257535?
7
What is the tens digit of 97576?
7
What is the ten thousands digit of 4162602?
6
What is the tens digit of 256859?
5
What is the ten thousands digit of 9487809?
8
What is the ten thousands digit of 2726992?
2
What is the ten thousands digit of 577619?
7
What is the hundreds digit of 1805845?
8
What is the hundred thousands digit of 2734002?
7
What is the tens digit of 121963?
6
What is the ten thousands digit of 1014054?
1
What is the units digit of 396179?
9
What is the hundreds digit of 5033115?
1
What is the thousands digit of 5733?
5
What is the hundred thousands digit of 2014590?
0
What is the hundreds digit of 43549?
5
What is the ten thousands digit of 22340921?
4
What is the hundred thousands digit of 1033820?
0
What is the ten thousands digit of 769543?
6
What is the thousands digit of 430643?
0
What is the thousands digit of 120144?
0
What is the hundred thousands digit of 7426387?
4
What is the units digit of 298167?
7
What is the thousands digit of 9186840?
6
What is the hundreds digit of 71112?
1
What is the millions digit of 4502073?
4
What is the hundreds digit of 7686998?
9
What is the units digit of 580048?
8
What is the units digit of 176697?
7
What is the hundred thousands digit of 825905?
8
What is the thousands digit of 14540953?
0
What is the tens digit of 3405777?
7
What is the units digit of 20641535?
5
What is the units digit of 4327409?
9
What is the thousands digit of 1363725?
3
What is the hundred thousands digit of 2750298?
7
What is the hundred thousands digit of 31233858?
2
What is the ten thousands digit of 274654?
7
What is the units digit of 9748042?
2
What is the ten thousands digit of 10139321?
3
What is the millions digit of 2605308?
2
What is the hundreds digit of 213229?
2
What is the tens digit of 337846?
4
What is the thousands digit of 14536946?
6
What is the tens digit of 3365721?
2
What is the millions digit of 6091251?
6
What is the ten thousands digit of 26517724?
1
What is the hundreds digit of 217241?
2
What is the hundreds digit of 286198?
1
What is the hundreds digit of 413632?
6
What is the millions digit of 4944999?
4
What is the tens digit of 3171160?
6
What is the millions digit of 5990461?
5
What is the hundred thousands digit of 382704?
3
What is the hundreds digit of 716853?
8
What is the tens digit of 2732559?
5
What is the thousands digit of 31863940?
3
What is the millions digit of 17628466?
7
What is the hundred thousands digit of 496292?
4
What is the hundreds digit of 106721?
7
What is the hundred thousands digit of 5207348?
2
What is the units digit of 11145955?
5
What is the hundred thousands digit of 4800181?
8
What is the thousands digit of 4738678?
8
What is the millions digit of 2564971?
2
What is the tens digit of 105606?
0
What is the hundred thousands digit of 258437?
2
What is the millions digit of 6939513?
6
What is the tens digit of 9381988?
8
What is the thousands digit of 219549?
9
What is the ten thousands digit of 3166217?
6
What is the ten millions digit of 38073480?
3
What is the thousands digit of 662285?
2
What is the millions digit of 8557375?
8
What is the units digit of 452600?
0
What is the tens digit of 1908475?
7
What is the ten thousands digit of 4207235?
0
What is the hundred thousands digit of 863130?
8
What is the hundreds digit of 328728?
7
What is the hundreds digit of 697758?
7
What is the ten millions digit of 14687869?
1
What is the thousands digit of 203898?
3
What is the millions digit of 24226191?
4
What is the units digit of 10945524?
4
What is the millions digit of 9662482?
9
What is the ten thousands digit of 2446079?
4
What is the units digit of 10282889?
9
What is the units digit of 15984645?
5
What is the units digit of 9314181?
1
What is the ten thousands digit of 204542?
0
What is the units digit of 574804?
4
What is the tens digit of 236454?
5
What is the ten millions digit of 19783201?
1
What is the hundreds digit of 6077516?
5
What is the ten thousands digit of 6926465?
2
What is the millions digit of 2684291?
2
What is the thousands digit of 7135?
7
What is the ten thousands digit of 8160384?
6
What is the hundreds digit of 53906?
9
What is the hundreds digit of 6784755?
7
What is the hundred thousands digit of 149979?
1
What is the hundred thousands digit of 198300?
1
What is the thousands digit of 771910?
1
What is the hundreds digit of 279182?
1
What is the tens digit of 2675768?
6
What is the hundred thousands digit of 250153?
2
What is the hundreds digit of 5488943?
9
What is the units digit of 972412?
2
What is the ten millions digit of 12360349?
1
What is the thousands digit of 1922916?
2
What is the thousands digit of 482410?
2
What is the units digit of 5712656?
6
What is the tens digit of 836375?
7
What is the units digit of 254841?
1
What is the ten thousands digit of 643623?
4
What is the tens digit of 1203148?
4
What is the hundreds digit of 12448726?
7
What is the hundreds digit of 542367?
3
What is the tens digit of 2052178?
7
What is the hundred thousands digit of 3102531?
1
What is the units digit of 852304?
4
What is the hundred thousands digit of 3220837?
2
What is the hundred thousands digit of 341579?
3
What is the ten thousands digit of 440915?
4
What is the thousands digit of 14577614?
7
What is the hundred thousands digit of 379838?
3
What is the hundreds digit of 127596?
5
What is the hundred thousands digit of 457445?
4
What is the thousands digit of 95684?
5
What is the hundred thousands digit of 188324?
1
What is the millions digit of 6150204?
6
What is the thousands digit of 5682770?
2
What is the tens digit of 4869?
6
What is the tens digit of 81709?
0
What is the tens digit of 4163017?
1
What is the hundred thousands digit of 17051967?
0
What is the hundred thousands digit of 189920?
1
What is the hundreds digit of 5296300?
3
What is the millions digit of 16283853?
6
What is the millions digit of 20970064?
0
What is the thousands digit of 962226?
2
What is the units digit of 3996?
6
What is the hundred thousands digit of 9530784?
5
What is the thousands digit of 743353?
3
What is the hundred thousands digit of 108632?
1
What is the thousands digit of 174241?
4
What is the units digit of 970969?
9
What is the ten millions digit of 19581503?
1
What is the tens digit of 20507?
0
What is the units digit of 34587?
7
What is the ten thousands digit of 8675705?
7
What is the thousands digit of 26847?
6
What is the units digit of 22307592?
2
What is the thousands digit of 524014?
4
What is the tens digit of 6070760?
6
What is the thousands digit of 5468463?
8
What is the thousands digit of 12991182?
1
What is the ten thousands digit of 291361?
9
What is the tens digit of 92794?
9
What is the ten thousands digit of 9508197?
0
What is the millions digit of 36030567?
6
What is the thousands digit of 3153981?
3
What is the hundreds digit of 16062842?
8
What is the units digit of 65819?
9
What is the hundreds digit of 63471?
4
What is the thousands digit of 10873930?
3
What is the thousands digit of 292452?
2
What is the hundred thousands digit of 1907434?
9
What is the units digit of 764185?
5
What is the hundreds digit of 524975?
9
What is the units digit of 624309?
9
What is the hundreds digit of 12594790?
7
What is the tens digit of 2324574?
7
What is the ten thousands digit of 868454?
6
What is the hundreds digit of 201795?
7
What is the tens digit